{"id":852,"date":"2026-09-01T17:35:54","date_gmt":"2026-09-01T17:35:54","guid":{"rendered":"https:\/\/marville-moutiers-brule.fr\/?page_id=852"},"modified":"2026-09-01T17:53:35","modified_gmt":"2026-09-01T17:53:35","slug":"extra-scolaire","status":"publish","type":"page","link":"https:\/\/marville-moutiers-brule.fr\/?page_id=852","title":{"rendered":"EXTRA-SCOLAIRE"},"content":{"rendered":"\n<p class=\"wp-block-paragraph\">L\u2019accueil extra-scolaire concerne le temps libre hors de la p\u00e9riode d\u00e9di\u00e9e \u00e0 l\u2019\u00e9cole, \u00e0 savoir les mercredis et les vacances scolaires.\u00a0<br><br>RESERVATIONS<br>Elles se font directement aupr\u00e8s de l&rsquo;association choisie.<br><strong>L&rsquo;ASC MEZIERES<\/strong> est en partenariat avec notre commune : Consultez la rubriques Ev\u00e9nements, menu Associations.<br>+ D&rsquo;INFOS sur : <a href=\"http:\/\/www.ascmezieres.fr\/\">www.ascmezieres.fr<\/a>\u00a0\u00a0&#8211; T\u00e9l. 02 37 43 74 52<\/p>\n\n\n\n<p class=\"has-theme-0-color has-gv-color-background-secondary-background-color has-text-color has-background has-link-color wp-elements-1 wp-block-paragraph\"><strong>ENFANTS 3-12 ANS<\/strong><br>L\u2019Agglo du Pays de Dreux propose aussi des accueils de loisirs.<br>+ D&rsquo;INFOS sur le portail famille : <a href=\"https:\/\/dreux-agglomeration.portail-familles.app\/\">https:\/\/dreux-agglomeration.portail-familles.app\/<\/a><\/p>\n\n\n\n<p class=\"has-theme-0-color has-custom-52-bfb-2-background-color has-text-color has-background has-link-color wp-elements-2 wp-block-paragraph\"><strong>ADOS 12 -17 ANS<\/strong><br>L\u2019Agglo du Pays de Dreux propose aussi des lieux de convivialit\u00e9, de rencontres, d\u2019\u00e9changes et de d\u00e9couvertes. Des activit\u00e9s sportives, culturelles, ou de loisirs sont propos\u00e9es, ainsi que des rencontres d\u00e9bats, des expositions, des rencontres avec des professionnels ou encore des s\u00e9jours d\u2019\u00e9t\u00e9 et sorties diverses.<br><br><strong>SECTEUR <\/strong>(\u00e0 17 km de notre commune) Ch\u00e2teauneuf-en-Thymerais, rue de la P\u00e9pini\u00e8re &#8211; T\u00e9l. 06 07 68 57 35<br>Mercredi : 13h30 \u2013 18h30 (possibilit\u00e9 d\u2019accueil avec repas d\u00e8s 12h30)<br>Vacances : matin : 9h \u2013 12h (possibilit\u00e9 d\u2019accueil d\u00e8s 7h30) \/ apr\u00e8s-midi : 13h30 \u2013 18h30 (possibilit\u00e9 d\u2019accueil \u00e0 la journ\u00e9e avec repas)<br>+ D&rsquo;INFOS sur le portail famille : <a href=\"https:\/\/dreux-agglomeration.portail-familles.app\/\">https:\/\/dreux-agglomeration.portail-familles.app\/<\/a><\/p>\n","protected":false},"excerpt":{"rendered":"<p>L\u2019accueil extra-scolaire concerne le temps libre hors de la p\u00e9riode d\u00e9di\u00e9e \u00e0 l\u2019\u00e9cole, \u00e0 savoir les mercredis et les vacances scolaires.\u00a0 RESERVATIONSElles se font directement aupr\u00e8s de l&rsquo;association choisie.L&rsquo;ASC MEZIERES est en partenariat avec notre commune : Consultez la rubriques Ev\u00e9nements, menu Associations.+ D&rsquo;INFOS sur : www.ascmezieres.fr\u00a0\u00a0&#8211; T\u00e9l. 02 37 43 74 52 ENFANTS 3-12 [&hellip;]<\/p>\n","protected":false},"author":1,"featured_media":0,"parent":0,"menu_order":0,"comment_status":"closed","ping_status":"closed","template":"","meta":{"_themeisle_gutenberg_block_has_review":false,"footnotes":""},"class_list":["post-852","page","type-page","status-publish","hentry"],"_links":{"self":[{"href":"https:\/\/marville-moutiers-brule.fr\/index.php?rest_route=\/wp\/v2\/pages\/852","targetHints":{"allow":["GET"]}}],"collection":[{"href":"https:\/\/marville-moutiers-brule.fr\/index.php?rest_route=\/wp\/v2\/pages"}],"about":[{"href":"https:\/\/marville-moutiers-brule.fr\/index.php?rest_route=\/wp\/v2\/types\/page"}],"author":[{"embeddable":true,"href":"https:\/\/marville-moutiers-brule.fr\/index.php?rest_route=\/wp\/v2\/users\/1"}],"replies":[{"embeddable":true,"href":"https:\/\/marville-moutiers-brule.fr\/index.php?rest_route=%2Fwp%2Fv2%2Fcomments&post=852"}],"version-history":[{"count":4,"href":"https:\/\/marville-moutiers-brule.fr\/index.php?rest_route=\/wp\/v2\/pages\/852\/revisions"}],"predecessor-version":[{"id":859,"href":"https:\/\/marville-moutiers-brule.fr\/index.php?rest_route=\/wp\/v2\/pages\/852\/revisions\/859"}],"wp:attachment":[{"href":"https:\/\/marville-moutiers-brule.fr\/index.php?rest_route=%2Fwp%2Fv2%2Fmedia&parent=852"}],"curies":[{"name":"wp","href":"https:\/\/api.w.org\/{rel}","templated":true}]}}

<p class="wp-block-paragraph">L’accueil extra-scolaire concerne le temps libre hors de la période dédiée à l’école, à savoir les mercredis et les vacances scolaires. <br><br>RESERVATIONS<br>Elles se font directement auprès de l&rsquo;association choisie.<br><strong>L&rsquo;ASC MEZIERES</strong> est en partenariat avec notre commune : Consultez la rubriques Evénements, menu Associations.<br>+ D&rsquo;INFOS sur : <a href="http://www.ascmezieres.fr/">www.ascmezieres.fr</a>  &#8211; Tél. 02 37 43 74 52</p>



<p class="has-theme-0-color has-gv-color-background-secondary-background-color has-text-color has-background has-link-color wp-elements-1 wp-block-paragraph"><strong>ENFANTS 3-12 ANS</strong><br>L’Agglo du Pays de Dreux propose aussi des accueils de loisirs.<br>+ D&rsquo;INFOS sur le portail famille : <a href="https://dreux-agglomeration.portail-familles.app/">https://dreux-agglomeration.portail-familles.app/</a></p>



<p class="has-theme-0-color has-custom-52-bfb-2-background-color has-text-color has-background has-link-color wp-elements-2 wp-block-paragraph"><strong>ADOS 12 -17 ANS</strong><br>L’Agglo du Pays de Dreux propose aussi des lieux de convivialité, de rencontres, d’échanges et de découvertes. Des activités sportives, culturelles, ou de loisirs sont proposées, ainsi que des rencontres débats, des expositions, des rencontres avec des professionnels ou encore des séjours d’été et sorties diverses.<br><br><strong>SECTEUR </strong>(à 17 km de notre commune) Châteauneuf-en-Thymerais, rue de la Pépinière &#8211; Tél. 06 07 68 57 35<br>Mercredi : 13h30 – 18h30 (possibilité d’accueil avec repas dès 12h30)<br>Vacances : matin : 9h – 12h (possibilité d’accueil dès 7h30) / après-midi : 13h30 – 18h30 (possibilité d’accueil à la journée avec repas)<br>+ D&rsquo;INFOS sur le portail famille : <a href="https://dreux-agglomeration.portail-familles.app/">https://dreux-agglomeration.portail-familles.app/</a></p>

<p>L’accueil extra-scolaire concerne le temps libre hors de la période dédiée à l’école, à savoir les mercredis et les vacances scolaires.  RESERVATIONSElles se font directement auprès de l&rsquo;association choisie.L&rsquo;ASC MEZIERES est en partenariat avec notre commune : Consultez la rubriques Evénements, menu Associations.+ D&rsquo;INFOS sur : www.ascmezieres.fr  &#8211; Tél. 02 37 43 74 52 ENFANTS 3-12 [&hellip;]</p>
